1
Let u = -2458 + 6373. What is the thousands digit of u?
3
Let x = -200 + 170. Suppose -3*u + d + 45 = -4*u, 0 = 3*d - 15. Let n = x - u. What is the units digit of n?
0
What is the thousands digit of (-45)/30*-1238 + 5*-1?
1
Let b = -3 + -18. Let z = 62 + b. What is the units digit of z?
1
Suppose 13*l - 4*d = 11*l + 2490, 0 = d - 2. What is the thousands digit of l?
1
Let l(y) = 24*y - 33. What is the units digit of l(20)?
7
Suppose -4 - 3 = -p - 5*m, 3*p - 4*m = 2. Suppose -p*b - 3*b = -50. Suppose -b*a + 15*a - 225 = 0. What is the tens digit of a?
4
Let x = -15 + 25. Let g = -10 + x. Suppose -q + 2*y + y = -25, -y + 3 = g. What is the units digit of q?
4
What is the hundreds digit of (-170815)/(-45) - (14/18)/(-7)?
7
Let v(n) = -7*n**2 + 30*n - 5. Let z be v(4). Suppose -1500 = -9*b - z*b. What is the tens digit of b?
2
Let a(p) = -2*p - 3*p + p + 3 - p. What is the tens digit of a(-3)?
1
Let w(m) = m**2 - 12*m - 8. Let s be w(12). Let t = -3 - s. Suppose y - t + 1 = 0. What is the units digit of y?
4
Let i(t) = -44*t**3 - 3*t**2 - 6*t - 9. What is the units digit of i(-2)?
3
Let n = 645 - 355. What is the units digit of n?
0
Let p = -47 - -54. Suppose -3*t = -p*t + 392. What is the tens digit of t?
9
Suppose 5*f + 5*n - 3040 = 1115, -2*n - 843 = -f. What is the units digit of f?
5
What is the tens digit of 2 + -3 + 25 + 16/(-16)?
2
Let f = 20 - 4. What is the units digit of -1 + 6*f + -1?
4
Suppose -5*b + 2*q - 55 = 0, -8*b - 2*q = -3*b + 35. Let u = -10 + 3. What is the units digit of (-1*34)/(b - u)?
7
Let p = -8 - -8. Let h(c) = 2*c + 6. Let d be h(p). What is the units digit of 1*15/d*10?
5
Let x(v) = 403*v**2 + 16*v - 18. What is the tens digit of x(2)?
2
Let i(p) = -p**3 + 3*p**2 + 7. Let n be -2 - -1 - (-6 + 0). Let a be i(n). Let l = -22 - a. What is the units digit of l?
1
Let z(j) = j**3 - 3*j + 3. Let v be z(2). Let d = -5 + v. Suppose g + g - 68 = d. What is the units digit of g?
4
Let c = -447 - -879. What is the units digit of 36/126 - c/(-7)?
2
Let k be 3/9*(-2 + -4). Let w be 5/10 + (-9)/k. What is the units digit of 1 + (w - 3) + 29?
2
Suppose -6*s + 2*s = 0. Suppose 0 = -o - 5*c, 2*o + o + 3*c = s. Let l = o + 10. What is the units digit of l?
0
Suppose b - 4*i + 9*i - 7 = 0, i = -4*b + 66. Suppose 2*h = -5 + b. Suppose 1 = y - 5*c, 5*y + c - 25 = h. What is the units digit of y?
6
Suppose -8*a = -4*h - 4*a + 308, 3*h + 2*a = 236. What is the units digit of h?
8
Let c(j) = j**3 - 2*j + 2. Let v be c(2). What is the units digit of (-129)/(-2) - (-2 - (-9)/v)?
5
Suppose -8 - 98 = 2*q. Let m = q - -110. What is the tens digit of m?
5
Let c(g) = g - 1. Let z be c(-9). Let k = z + -38. Let y = k + 82. What is the tens digit of y?
3
Let d(g) = -6*g + 86. Let p(m) = 2*m. Let h(x) = 3*d(x) + 6*p(x). What is the tens digit of h(0)?
5
Let k be 0/((0 + 2)*1). Let r(y) = y**3 + 2*y**2 - y + 40. What is the units digit of r(k)?
0
Suppose 2*j = 17 - 7. Suppose 0 = 3*l - 3, -j*t + 39 = 5*l + 4. What is the units digit of (t/(-4))/(1/(-28))?
2
Suppose -58*p - 222028 = -105*p. What is the hundreds digit of p?
7
Let s(h) = -8*h**3 + 7*h**2 - 9*h + 141. Let i(p) = 7*p**3 - 6*p**2 + 8*p - 141. Let v(t) = -7*i(t) - 6*s(t). What is the hundreds digit of v(0)?
1
Suppose -2*l + 7*c = l - 7768, -4*c = 4. What is the thousands digit of l?
2
Let p be 1 - ((-1 - -1) + (3 - 47)). Let x = p + -36. What is the units digit of x?
9
Let f(v) = 4 + v**2 - 4*v + v**2 + 2. Suppose 0 = -4*s + 154 - 138. What is the tens digit of f(s)?
2
Let m(b) = -b**3 + 25*b**2 - 8*b + 41. Let h be m(24). What is the hundreds digit of h/4 + (-5)/20?
1
Let u(l) = l**2 - 8*l + 6. Let k(j) = -j**3 + 6*j**2 + 10*j - 9. Let b be k(7). Let s be u(b). What is the units digit of (s/4)/((-8)/(-16))?
7
Let l = -98 + 879. What is the tens digit of l?
8
Let r be (3 - 2)/((-3)/18). What is the tens digit of (-134 - 0)/(-8 - r)?
6
Suppose 13*m - 9906 = -0*m. What is the tens digit of m?
6
Suppose -3*v = -2*v - 3. Suppose 4*y + v*o - 83 - 460 = 0, 0 = -4*y + 3*o + 513. What is the units digit of y?
2
Suppose -31*i + 25*i = -2376. What is the tens digit of i?
9
Suppose -2*d - 43 + 61 = 0. Suppose 0 = -6*v + d*v - 84. What is the tens digit of v?
2
Let z(d) = d**3 - d**2 - 4*d + 10. What is the units digit of z(4)?
2
Suppose 8*u - 3*u = -50. What is the tens digit of (-56)/(-42) - -74*u/(-3)?
4
Suppose -26636 = 11*v - 101326. What is the tens digit of v/77 - (-3 + (-105)/(-33))?
8
Let z be 5/4*(1 + 3). Suppose -z*w + 6 = w. What is the units digit of (2 - w*-4)*4?
4
Let i(l) = 26*l - 672. What is the hundreds digit of i(60)?
8
Suppose -7*u + 0*u + 21 = 0. Let c be (-2 - (-14)/u)*12. Suppose c = s - 21. What is the units digit of s?
3
What is the tens digit of -2 + (380 - 3) + 8?
8
Suppose 0 = 27*w - 11555 - 10666. What is the tens digit of w?
2
Suppose -8*y - 120 = -5*y. What is the tens digit of (96/y)/((-2)/10)?
1
Let r(x) be the first derivative of x**2 + 14*x + 6. Let s be r(-6). Suppose s*g + 0 = 46. What is the tens digit of g?
2
Suppose 3*l - 352 - 1265 = 0. What is the units digit of l?
9
Let z(g) = -7*g + 10 + 23*g**2 - 4*g - 22*g**2. Let r be z(10). Suppose r = 3*w + 4*j - 91, 4*j = -8*w + 3*w + 141. What is the tens digit of w?
2
Let u = -953 - -3142. What is the units digit of u?
9
Suppose -4*t = c - 8, 5*c + t = -t + 4. Suppose -4*m - 4*a = -c*a - 488, 5*a = 5*m - 630. What is the units digit of 3*-1 + m/4?
8
Let f(p) = 17*p - 2. Suppose -3*z - 2*b + 4 = 0, -4*b + 1 - 3 = z. Suppose 3*t - 4 = z*t. What is the units digit of f(t)?
6
Suppose 4*h - h - 114 = 0. Suppose 2*m + 2*w = 32 + h, 4*m - 139 = -3*w. What is the tens digit of m?
3
Let l(b) = 11 - 5*b**2 - 9*b + b**3 - b + b**2 + 5*b. What is the hundreds digit of l(8)?
2
Let n be -10*(-1 - 10/(-4)). Let s be (-4)/(-7) + n/(-35). Suppose -4*d = -47 - s. What is the tens digit of d?
1
Let u = -932 + 1639. What is the units digit of u?
7
Suppose 3066 = -2*d + 5*d + 2*b, -b - 3 = 0. What is the thousands digit of d?
1
Suppose -x = -5*q - 207, q + 13 = 2*x - 32. Let u = -46 + -22. Let h = q - u. What is the units digit of h?
7
Suppose 3*c = -4*b + 96 + 17, -170 = -5*c - 3*b. Suppose -6*l + 7*l = -26. Let o = c - l. What is the units digit of o?
7
Let g(j) = -j**2 - 8*j + 9. Let q be g(-7). Suppose q*b - 200 = 11*b. What is the tens digit of b?
4
Let a(i) = 2*i**2 - 4*i + 1. Let j(c) = -c**3 - 7*c**2 - 6*c + 6. Let u be j(-6). What is the units digit of a(u)?
9
What is the tens digit of (-16)/44 + 64388/44?
6
Let k(n) = -3*n**2 + 2*n + 6. Let w(h) = 3*h**2 - h - 7. Let m(y) = 3*k(y) + 4*w(y). Let z be m(-5). Let g = 80 - z. What is the tens digit of g?
2
Let w be 108/28 - (-2)/14. Suppose -d - 11 = 4*f, 7 = w*f - 9*d + 4*d. What is the tens digit of -3*(-11 - 0/f)?
3
Let m be 0*(-1)/(4 - 3). Suppose -v - 125 = -5*v + 3*a, a - 1 = m. What is the units digit of v?
2
Suppose 854 = -2*c + 2*b, -5*b = 5 - 0. Let d = -201 - c. What is the hundreds digit of d?
2
Let c(f) = 8*f**2 + 17*f - 15. Let n be c(-13). Suppose -12*q + n = -3*q. What is the tens digit of q?
2
Suppose 0 = -4*u + 31 - 11. Let x(f) = -4*f - 11. Let h be x(u). Let o = h + 52. What is the tens digit of o?
2
Let d = -1175 - -2016. What is the units digit of d?
1
Suppose 0*d + 36 = 6*d. Suppose 4*k - d*r + 3*r = 966, 0 = -k - r + 238. Suppose c - k = -7*c. What is the units digit of c?
0
Suppose 1330*j = 1315*j + 57870. What is the thousands digit of j?
3
Let j = 168 - -872. What is the units digit of j?
0
Let s = -301 - -316. What is the units digit of s?
5
Suppose 0 = -11*y - 6*y + 8075. What is the tens digit of y?
7
Suppose -34 = 5*u - 14. What is the hundreds digit of (3484/39)/(u/6*-1)?
1
Suppose 2*j = -5*t, 0 = -3*t - t + 4*j. Suppose 3*v + t*d + 9 = 3*d, -3*d = -6. What is the tens digit of (-1)/(v/(-5))*-5?
2
Suppose -2*g + 2*o = 68 - 10, -4*o - 122 = 3*g. Let l = -20 - g. What is the tens digit of l?
1
Suppose 0 = -d - 0*d + 5. Suppose -2*s = -d*s + 45. Let b = s + 13. What is the tens digit of b?
2
Suppose -x - 82 = -4*k, -10 = 2*x + 3*x. Let g be 2/(-6) + (-266)/(-6). Let s = g - k. What is the tens digit of s?
2
Suppose 0 = -0*w + 3*w - 2*m, 2*m = 5*w - 4. Suppose -w - 22 = -3*v. What is the units digit of 33 - (v/(-4) - -5)?
0
Let k be (1*-1)/((-2)/(